{"id":21,"date":"2016-02-19T14:53:00","date_gmt":"2016-02-19T13:53:00","guid":{"rendered":"http:\/\/www.musikschule-thayaland.at\/WP_Install\/?page_id=21"},"modified":"2026-05-09T18:18:27","modified_gmt":"2026-05-09T16:18:27","slug":"anmeldung","status":"publish","type":"page","link":"https:\/\/www.musikschule-thayaland.at\/WP_Install\/anmeldung\/","title":{"rendered":"Anmeldung"},"content":{"rendered":"<div>\n<p><span style=\"color: #076cab;\">Je fr\u00fcher Kinder an Musik herangef\u00fchrt werden, desto nachhaltiger wird die musikalische Veranlagung angelegt und umso besser k\u00f6nnen sie ihre Musikalit\u00e4t entfalten!<\/span><\/p>\n<h3>Welches Alter f\u00fcr welchen Unterricht bzw. welches Instrument?<\/h3>\n<p>In der Musikschule gibt es einen gro\u00dfen Bereich der <span style=\"text-decoration: underline;\">fr\u00fchen musikalischen F\u00f6rderung<\/span>:<\/p>\n<ul>\n<li>Musikkrabbelstube (<em>ca. neun Monate bis ca. 4 Jahre mit Begleitung)<\/em><\/li>\n<li>Musikalische Fr\u00fcherziehung (<em>ab 3 Jahren ohne Begleitung<\/em>)<\/li>\n<li>Kindersingschulen\/Kooperationen mit Volksschulen<\/li>\n<\/ul>\n<p>Sie k\u00f6nnen jederzeit mit der entsprechenden <a href=\"https:\/\/www.musikschule-thayaland.at\/WP_Install\/wp-content\/uploads\/2025\/05\/Seite01-scaled.jpg\"><strong>Lehrkraft Kontakt<\/strong><\/a> aufnehmen und eine <span style=\"text-decoration: underline;\">Schnupperstunde vereinbaren.<\/span> Unsere Lehrkr\u00e4fte werden Ihrem Kind und Ihnen mit Rat und Tat zur Seite stehen und bei der Entscheidung eines m\u00f6glichen Unterrichtes Unterst\u00fctzung bieten.<\/p>\n<p><strong><a href=\"https:\/\/www.musikschule-thayaland.at\/WP_Install\/wp-content\/uploads\/2025\/05\/Anmelde_25_26.pdf\" target=\"_blank\" rel=\"noopener noreferrer\">Anmeldeformulare <\/a><\/strong>bekommen Sie bei den Lehrkr\u00e4ften, auf Ihren Gemeinde\u00e4mtern oder Sie k\u00f6nnen sie einfach auf unserer Internet-Seite herunterladen.<\/p>\n<p>Prinzipiell ist die<strong> Anmeldung f\u00fcr das gesamte Schuljahr verbindlich!<\/strong><\/p>\n<p>Eine <strong>Abmeldung w\u00e4hrend des Schuljahres ist nur in begr\u00fcndeten F\u00e4llen<\/strong> (z. B. bei Wohnortwechsel) <strong>und schriftlich<\/strong> beim Verbandsobmann bzw. Musikschulleitung, nicht jedoch beim Lehrer\/bei der Lehrerin m\u00f6glich.<\/p>\n<p>Bitte beachten Sie auch unsere <a href=\"http:\/\/www.musikschule-thayaland.at\/WP_Install\/wp-content\/uploads\/2018\/06\/Musikschulordnung.pdf\"><strong>Schulordnung<\/strong><\/a>!<\/p>\n<\/div>\n<p>&nbsp;<\/p>\n<div>\n<h3>Familienf\u00f6rderung<\/h3>\n<p>Die Wichtigkeit von musikalischer Bildung hat die Vertreter aller Gemeinden bewogen in einer Sitzung des Musikschulverbandes Familien mit mehreren Kindern an der Musikschule oder mehreren F\u00e4cher besonders zu f\u00f6rdern.<\/p>\n<p>Diese Familien k\u00f6nnen am Ende des Schuljahres bis <strong>sp\u00e4testens 31. August<\/strong> des jeweiligen Jahres mit einem Antrag (Antragsformular ebenfalls runterladbar) jeweils bei <strong>ihrer Gemeinde<\/strong> eine 10 %-ige R\u00fcckerstattung des Schulgeldes beantragen. <a href=\"http:\/\/www.musikschule-thayaland.at\/WP_Install\/wp-content\/uploads\/2016\/04\/Rueckerstattung.pdf\" target=\"_blank\" rel=\"noopener noreferrer\">Hier klicken um zum Formular zu gelangen.<\/a><\/p>\n<\/div>\n<p>Musikschulverband Thayaland<br \/>\nSchlossgasse1<br \/>\n3843 Dobersberg<br \/>\nTelefon: 0650 \/ 912 01 21<br \/>\nE-Mail: musikschule.thayaland@a1.net<\/p>\n<address>\u00a0<\/address>\n","protected":false},"excerpt":{"rendered":"<p>Je fr\u00fcher Kinder an Musik herangef\u00fchrt werden, desto nachhaltiger wird die musikalische Veranlagung angelegt und umso besser k\u00f6nnen sie ihre Musikalit\u00e4t entfalten! Welches Alter f\u00fcr welchen Unterricht bzw. welches Instrument? In der Musikschule gibt es einen gro\u00dfen Bereich der fr\u00fchen musikalischen F\u00f6rderung: Musikkrabbelstube (ca. neun Monate bis ca. 4 Jahre mit Begleitung) Musikalische Fr\u00fcherziehung (ab<br \/><a class=\"moretag\" href=\"https:\/\/www.musikschule-thayaland.at\/WP_Install\/anmeldung\/\">+ Lesen Sie mehr<\/a><\/p>\n","protected":false},"author":1,"featured_media":0,"parent":0,"menu_order":0,"comment_status":"closed","ping_status":"closed","template":"","meta":{"footnotes":""},"class_list":["post-21","page","type-page","status-publish","hentry"],"_links":{"self":[{"href":"https:\/\/www.musikschule-thayaland.at\/WP_Install\/wp-json\/wp\/v2\/pages\/21","targetHints":{"allow":["GET"]}}],"collection":[{"href":"https:\/\/www.musikschule-thayaland.at\/WP_Install\/wp-json\/wp\/v2\/pages"}],"about":[{"href":"https:\/\/www.musikschule-thayaland.at\/WP_Install\/wp-json\/wp\/v2\/types\/page"}],"author":[{"embeddable":true,"href":"https:\/\/www.musikschule-thayaland.at\/WP_Install\/wp-json\/wp\/v2\/users\/1"}],"replies":[{"embeddable":true,"href":"https:\/\/www.musikschule-thayaland.at\/WP_Install\/wp-json\/wp\/v2\/comments?post=21"}],"version-history":[{"count":19,"href":"https:\/\/www.musikschule-thayaland.at\/WP_Install\/wp-json\/wp\/v2\/pages\/21\/revisions"}],"predecessor-version":[{"id":1370,"href":"https:\/\/www.musikschule-thayaland.at\/WP_Install\/wp-json\/wp\/v2\/pages\/21\/revisions\/1370"}],"wp:attachment":[{"href":"https:\/\/www.musikschule-thayaland.at\/WP_Install\/wp-json\/wp\/v2\/media?parent=21"}],"curies":[{"name":"wp","href":"https:\/\/api.w.org\/{rel}","templated":true}]}}